[INFO] fetching crate shine-shard 0.2.0...
[INFO] checking shine-shard-0.2.0 against master#af3c6e733a40e671550e0f0f5aeecaa13772ba56 for pr-74989
[INFO] extracting crate shine-shard 0.2.0 into /workspace/builds/worker-1/source
[INFO] validating manifest of crates.io crate shine-shard 0.2.0 on toolchain af3c6e733a40e671550e0f0f5aeecaa13772ba56
[INFO] running `Command { std: "/workspace/cargo-home/bin/cargo" "+af3c6e733a40e671550e0f0f5aeecaa13772ba56" "read-manifest" "--manifest-path" "Cargo.toml", kill_on_drop: false }`
[INFO] started tweaking crates.io crate shine-shard 0.2.0
[INFO] finished tweaking crates.io crate shine-shard 0.2.0
[INFO] tweaked toml for crates.io crate shine-shard 0.2.0 written to /workspace/builds/worker-1/source/Cargo.toml
[INFO] running `Command { std: "/workspace/cargo-home/bin/cargo" "+af3c6e733a40e671550e0f0f5aeecaa13772ba56" "generate-lockfile" "--manifest-path" "Cargo.toml" "-Zno-index-update", kill_on_drop: false }`
[INFO] [stderr]     Blocking waiting for file lock on package cache
[INFO] running `Command { std: "/workspace/cargo-home/bin/cargo" "+af3c6e733a40e671550e0f0f5aeecaa13772ba56" "fetch" "--locked" "--manifest-path" "Cargo.toml", kill_on_drop: false }`
[INFO] running `Command { std: "docker" "create" "-v" "/var/lib/crater-agent-workspace/builds/worker-1/target:/opt/rustwide/target:rw,Z" "-v" "/var/lib/crater-agent-workspace/builds/worker-1/source:/opt/rustwide/workdir:ro,Z" "-v" "/var/lib/crater-agent-workspace/cargo-home:/opt/rustwide/cargo-home:ro,Z" "-v" "/var/lib/crater-agent-workspace/rustup-home:/opt/rustwide/rustup-home:ro,Z" "-e" "SOURCE_DIR=/opt/rustwide/workdir" "-e" "CARGO_TARGET_DIR=/opt/rustwide/target" "-e" "CARGO_HOME=/opt/rustwide/cargo-home" "-e" "RUSTUP_HOME=/opt/rustwide/rustup-home" "-w" "/opt/rustwide/workdir" "-m" "1610612736" "--user" "0:0" "--network" "none" "rustops/crates-build-env@sha256:d92eaeed33fa75130ca1ee6c8a01d1ffb62bac859dfdfb3450e3e5d1c0146529" "/opt/rustwide/cargo-home/bin/cargo" "+af3c6e733a40e671550e0f0f5aeecaa13772ba56" "metadata" "--no-deps" "--format-version=1", kill_on_drop: false }`
[INFO] [stdout] 6d51326405d3c9d7a47614af1ee5858a72ae1ebdc9467cc78400f11202d2c470
[INFO] [stderr] WARNING: Your kernel does not support swap limit capabilities or the cgroup is not mounted. Memory limited without swap.
[INFO] running `Command { std: "docker" "start" "-a" "6d51326405d3c9d7a47614af1ee5858a72ae1ebdc9467cc78400f11202d2c470", kill_on_drop: false }`
[INFO] running `Command { std: "docker" "inspect" "6d51326405d3c9d7a47614af1ee5858a72ae1ebdc9467cc78400f11202d2c470", kill_on_drop: false }`
[INFO] running `Command { std: "docker" "rm" "-f" "6d51326405d3c9d7a47614af1ee5858a72ae1ebdc9467cc78400f11202d2c470", kill_on_drop: false }`
[INFO] [stdout] 6d51326405d3c9d7a47614af1ee5858a72ae1ebdc9467cc78400f11202d2c470
[INFO] running `Command { std: "docker" "create" "-v" "/var/lib/crater-agent-workspace/builds/worker-1/target:/opt/rustwide/target:rw,Z" "-v" "/var/lib/crater-agent-workspace/builds/worker-1/source:/opt/rustwide/workdir:ro,Z" "-v" "/var/lib/crater-agent-workspace/cargo-home:/opt/rustwide/cargo-home:ro,Z" "-v" "/var/lib/crater-agent-workspace/rustup-home:/opt/rustwide/rustup-home:ro,Z" "-e" "SOURCE_DIR=/opt/rustwide/workdir" "-e" "CARGO_TARGET_DIR=/opt/rustwide/target" "-e" "CARGO_INCREMENTAL=0" "-e" "RUST_BACKTRACE=full" "-e" "RUSTFLAGS=--cap-lints=forbid" "-e" "CARGO_HOME=/opt/rustwide/cargo-home" "-e" "RUSTUP_HOME=/opt/rustwide/rustup-home" "-w" "/opt/rustwide/workdir" "-m" "1610612736" "--user" "0:0" "--network" "none" "rustops/crates-build-env@sha256:d92eaeed33fa75130ca1ee6c8a01d1ffb62bac859dfdfb3450e3e5d1c0146529" "/opt/rustwide/cargo-home/bin/cargo" "+af3c6e733a40e671550e0f0f5aeecaa13772ba56" "check" "--frozen" "--all" "--all-targets" "--message-format=json", kill_on_drop: false }`
[INFO] [stdout] 401ae8fd0abf97300862ef625d5df7f16fbcc3f0ae39a5aadb9b3b5bcc908e95
[INFO] [stderr] WARNING: Your kernel does not support swap limit capabilities or the cgroup is not mounted. Memory limited without swap.
[INFO] running `Command { std: "docker" "start" "-a" "401ae8fd0abf97300862ef625d5df7f16fbcc3f0ae39a5aadb9b3b5bcc908e95", kill_on_drop: false }`
[INFO] [stderr]    Compiling libc v0.2.77
[INFO] [stderr]     Checking cfg-if v0.1.10
[INFO] [stderr]     Checking lazy_static v1.4.0
[INFO] [stderr]    Compiling log v0.4.11
[INFO] [stderr]    Compiling maybe-uninit v2.0.0
[INFO] [stderr]    Compiling proc-macro2 v1.0.21
[INFO] [stderr]    Compiling unicode-xid v0.2.1
[INFO] [stderr]    Compiling memchr v2.3.3
[INFO] [stderr]    Compiling semver-parser v0.7.0
[INFO] [stderr]    Compiling syn v0.15.44
[INFO] [stderr]     Checking rand_core v0.4.2
[INFO] [stderr]    Compiling cc v1.0.59
[INFO] [stderr]    Compiling serde_derive v1.0.116
[INFO] [stderr]     Checking adler v0.2.3
[INFO] [stderr]     Checking gimli v0.22.0
[INFO] [stderr]     Checking rustc-demangle v0.1.16
[INFO] [stderr]     Checking object v0.20.0
[INFO] [stderr]    Compiling failure_derive v0.1.8
[INFO] [stderr]     Checking quick-error v1.2.3
[INFO] [stderr]     Checking regex-syntax v0.6.18
[INFO] [stderr]    Compiling crc32fast v1.2.0
[INFO] [stderr]    Compiling rayon-core v1.8.0
[INFO] [stderr]    Compiling typenum v1.12.0
[INFO] [stderr]    Compiling ucd-trie v0.1.3
[INFO] [stderr]    Compiling arrayvec v0.4.12
[INFO] [stderr]     Checking unic-char-range v0.7.0
[INFO] [stderr]     Checking rawpointer v0.2.1
[INFO] [stderr]     Checking unic-common v0.7.0
[INFO] [stderr]    Compiling maplit v1.0.2
[INFO] [stderr]    Compiling shine-graph v0.2.0
[INFO] [stderr]    Compiling inflections v1.1.1
[INFO] [stderr]     Checking deunicode v0.4.3
[INFO] [stderr]     Checking mopa v0.2.2
[INFO] [stderr]     Checking termcolor v1.1.0
[INFO] [stderr]     Checking humansize v1.1.0
[INFO] [stderr]     Checking glob v0.2.11
[INFO] [stderr]    Compiling crossbeam-utils v0.7.2
[INFO] [stderr]    Compiling num-traits v0.2.12
[INFO] [stderr]    Compiling memoffset v0.5.5
[INFO] [stderr]    Compiling indexmap v1.6.0
[INFO] [stderr]    Compiling crossbeam-epoch v0.8.2
[INFO] [stderr]    Compiling num-complex v0.2.4
[INFO] [stderr]    Compiling num-rational v0.2.4
[INFO] [stderr]    Compiling rayon v1.4.0
[INFO] [stderr]     Checking actix-service v0.4.2
[INFO] [stderr]    Compiling libm v0.2.1
[INFO] [stderr]     Checking tokio-sync v0.1.8
[INFO] [stderr]     Checking thread_local v1.0.1
[INFO] [stderr]    Compiling error-chain v0.12.4
[INFO] [stderr]     Checking miniz_oxide v0.4.1
[INFO] [stderr]     Checking itertools v0.8.2
[INFO] [stderr]     Checking rand_core v0.3.1
[INFO] [stderr]     Checking rand_jitter v0.1.4
[INFO] [stderr]    Compiling semver v0.9.0
[INFO] [stderr]     Checking humantime v1.3.0
[INFO] [stderr]     Checking matrixmultiply v0.2.3
[INFO] [stderr]     Checking unic-char-property v0.7.0
[INFO] [stderr]     Checking unic-ucd-version v0.7.0
[INFO] [stderr]    Compiling pest v2.1.3
[INFO] [stderr]     Checking slug v0.1.4
[INFO] [stderr]     Checking idna v0.1.5
[INFO] [stderr]     Checking rand_xorshift v0.1.1
[INFO] [stderr]     Checking rand_hc v0.1.0
[INFO] [stderr]     Checking rand_isaac v0.1.1
[INFO] [stderr]     Checking encoding_rs v0.8.24
[INFO] [stderr]     Checking unic-ucd-segment v0.7.0
[INFO] [stderr]     Checking base64 v0.10.1
[INFO] [stderr]     Checking rand_pcg v0.1.2
[INFO] [stderr]     Checking rand_chacha v0.1.1
[INFO] [stderr]    Compiling rustc_version v0.2.3
[INFO] [stderr]     Checking smallvec v0.6.13
[INFO] [stderr]     Checking url v1.7.2
[INFO] [stderr]    Compiling aho-corasick v0.7.13
[INFO] [stderr]    Compiling nom v4.2.3
[INFO] [stderr]    Compiling miniz-sys v0.1.12
[INFO] [stderr]    Compiling brotli-sys v0.3.2
[INFO] [stderr]    Compiling ring v0.14.6
[INFO] [stderr]    Compiling quote v1.0.7
[INFO] [stderr]    Compiling pest_meta v2.1.3
[INFO] [stderr]     Checking unic-segment v0.7.0
[INFO] [stderr]     Checking iovec v0.1.4
[INFO] [stderr]     Checking num_cpus v1.13.0
[INFO] [stderr]     Checking net2 v0.2.35
[INFO] [stderr]     Checking rand_os v0.1.3
[INFO] [stderr]     Checking getrandom v0.1.15
[INFO] [stderr]     Checking hostname v0.3.1
[INFO] [stderr]     Checking socket2 v0.3.15
[INFO] [stderr]     Checking time v0.1.44
[INFO] [stderr]     Checking signal-hook-registry v1.2.1
[INFO] [stderr]     Checking atty v0.2.14
[INFO] [stderr]     Checking tokio-executor v0.1.10
[INFO] [stderr]     Checking crossbeam-channel v0.4.4
[INFO] [stderr]    Compiling parking_lot_core v0.6.2
[INFO] [stderr]    Compiling parking_lot v0.9.0
[INFO] [stderr]     Checking addr2line v0.13.0
[INFO] [stderr]    Compiling syn v1.0.40
[INFO] [stderr]     Checking bytes v0.4.12
[INFO] [stderr]     Checking threadpool v1.8.1
[INFO] [stderr]     Checking shine-stdext v0.2.0
[INFO] [stderr]     Checking resolv-conf v0.6.3
[INFO] [stderr]     Checking rand v0.6.5
[INFO] [stderr]     Checking generic-array v0.12.3
[INFO] [stderr]     Checking rand_core v0.5.1
[INFO] [stderr]     Checking mio v0.6.22
[INFO] [stderr]     Checking tokio-timer v0.2.13
[INFO] [stderr]     Checking tokio-current-thread v0.1.7
[INFO] [stderr]     Checking regex v1.3.9
[INFO] [stderr]     Checking num-integer v0.1.43
[INFO] [stderr]     Checking approx v0.3.2
[INFO] [stderr]    Compiling const-random-macro v0.1.8
[INFO] [stderr]     Checking crossbeam-deque v0.7.3
[INFO] [stderr]     Checking backtrace v0.3.50
[INFO] [stderr]     Checking rand_chacha v0.2.2
[INFO] [stderr]     Checking tokio-io v0.1.13
[INFO] [stderr]     Checking http v0.1.21
[INFO] [stderr]     Checking string v0.2.1
[INFO] [stderr]     Checking chrono v0.4.15
[INFO] [stderr]     Checking flate2 v1.0.17
[INFO] [stderr]     Checking mio-uds v0.6.8
[INFO] [stderr]     Checking alga v0.9.3
[INFO] [stderr]     Checking rand v0.7.3
[INFO] [stderr]     Checking const-random v0.1.8
[INFO] [stderr]     Checking tokio-codec v0.1.2
[INFO] [stderr]     Checking env_logger v0.6.2
[INFO] [stderr]     Checking ahash v0.2.18
[INFO] [stderr]     Checking actix-codec v0.1.2
[INFO] [stderr]     Checking tokio-reactor v0.1.12
[INFO] [stderr]     Checking hashbrown v0.6.3
[INFO] [stderr]     Checking actix-utils v0.4.7
[INFO] [stderr]     Checking tokio-tcp v0.1.4
[INFO] [stderr]     Checking tokio-udp v0.1.6
[INFO] [stderr]     Checking tokio-signal v0.2.9
[INFO] [stderr]     Checking actix-server-config v0.1.2
[INFO] [stderr]     Checking nalgebra v0.18.1
[INFO] [stderr]     Checking h2 v0.1.26
[INFO] [stderr]     Checking brotli2 v0.3.2
[INFO] [stderr]     Checking shred v0.8.1
[INFO] [stderr]    Compiling synstructure v0.12.4
[INFO] [stderr]    Compiling pest_generator v2.1.3
[INFO] [stderr]    Compiling derive_more v0.15.0
[INFO] [stderr]    Compiling enum-as-inner v0.2.1
[INFO] [stderr]    Compiling shine-graph-macro v0.2.0
[INFO] [stderr]    Compiling shine-ecs-macro v0.2.0
[INFO] [stderr]    Compiling derive_more v0.14.1
[INFO] [stderr]    Compiling shine-gltf-macro v0.2.0
[INFO] [stderr]    Compiling actix-web-codegen v0.1.3
[INFO] [stderr]    Compiling v_escape_derive v0.5.6
[INFO] [stderr]    Compiling pest_derive v2.1.0
[INFO] [stderr]     Checking shine-ecs v0.2.0
[INFO] [stderr]     Checking failure v0.1.8
[INFO] [stderr]     Checking trust-dns-proto v0.7.4
[INFO] [stderr]     Checking v_escape v0.7.4
[INFO] [stderr]     Checking v_htmlescape v0.4.5
[INFO] [stderr]     Checking trust-dns-resolver v0.11.1
[INFO] [stderr]     Checking actix-threadpool v0.1.2
[INFO] [stderr]     Checking actix-rt v0.2.6
[INFO] [stderr]     Checking actix-server v0.6.1
[INFO] [stderr]     Checking actix-connect v0.2.5
[INFO] [stderr]     Checking actix-testing v0.1.0
[INFO] [stderr]     Checking serde v1.0.116
[INFO] [stderr]     Checking nalgebra-glm v0.4.2
[INFO] [stderr]     Checking serde_json v1.0.57
[INFO] [stderr]     Checking serde_urlencoded v0.6.1
[INFO] [stderr]     Checking actix-router v0.1.5
[INFO] [stderr]     Checking shine-math v0.2.0
[INFO] [stdout] error[E0557]: feature has been removed
[INFO] [stdout]  --> /opt/rustwide/cargo-home/registry/src/github.com-1ecc6299db9ec823/shine-math-0.2.0/src/lib.rs:4:12
[INFO] [stdout]   |
[INFO] [stdout] 4 | #![feature(custom_attribute)]
[INFO] [stdout]   |            ^^^^^^^^^^^^^^^^ feature has been removed
[INFO] [stdout]   |
[INFO] [stdout]   = note: removed in favor of `#![register_tool]` and `#![register_attr]`
[INFO] [stdout] 
[INFO] [stdout] 
[INFO] [stdout] error[E0407]: method `add_usize` is not a member of trait `Step`
[INFO] [stdout]    --> /opt/rustwide/cargo-home/registry/src/github.com-1ecc6299db9ec823/shine-math-0.2.0/src/triangulation/types.rs:141:13
[INFO] [stdout]     |
[INFO] [stdout] 141 | /             fn add_usize(&self, n: usize) -> Option<Self> {
[INFO] [stdout] 142 | |                 Some($t(self.0 + n))
[INFO] [stdout] 143 | |             }
[INFO] [stdout]     | |_____________^ not a member of trait `Step`
[INFO] [stdout] ...
[INFO] [stdout] 168 |   step_impl!(VertexIndex);
[INFO] [stdout]     |   ------------------------ in this macro invocation
[INFO] [stdout]     |
[INFO] [stdout]     = note: this error originates in a macro (in Nightly builds, run with -Z macro-backtrace for more info)
[INFO] [stdout] 
[INFO] [stdout] 
[INFO] [stdout] error[E0407]: method `replace_one` is not a member of trait `Step`
[INFO] [stdout]    --> /opt/rustwide/cargo-home/registry/src/github.com-1ecc6299db9ec823/shine-math-0.2.0/src/triangulation/types.rs:146:13
[INFO] [stdout]     |
[INFO] [stdout] 146 | /             fn replace_one(&mut self) -> Self {
[INFO] [stdout] 147 | |                 mem::replace(self, $t(1))
[INFO] [stdout] 148 | |             }
[INFO] [stdout]     | |_____________^ not a member of trait `Step`
[INFO] [stdout] ...
[INFO] [stdout] 168 |   step_impl!(VertexIndex);
[INFO] [stdout]     |   ------------------------ in this macro invocation
[INFO] [stdout]     |
[INFO] [stdout]     = note: this error originates in a macro (in Nightly builds, run with -Z macro-backtrace for more info)
[INFO] [stdout] 
[INFO] [stdout] 
[INFO] [stdout] error[E0407]: method `replace_zero` is not a member of trait `Step`
[INFO] [stdout]    --> /opt/rustwide/cargo-home/registry/src/github.com-1ecc6299db9ec823/shine-math-0.2.0/src/triangulation/types.rs:151:13
[INFO] [stdout]     |
[INFO] [stdout] 151 | /             fn replace_zero(&mut self) -> Self {
[INFO] [stdout] 152 | |                 mem::replace(self, $t(0))
[INFO] [stdout] 153 | |             }
[INFO] [stdout]     | |_____________^ not a member of trait `Step`
[INFO] [stdout] ...
[INFO] [stdout] 168 |   step_impl!(VertexIndex);
[INFO] [stdout]     |   ------------------------ in this macro invocation
[INFO] [stdout]     |
[INFO] [stdout]     = note: this error originates in a macro (in Nightly builds, run with -Z macro-backtrace for more info)
[INFO] [stdout] 
[INFO] [stdout] 
[INFO] [stdout] error[E0407]: method `add_one` is not a member of trait `Step`
[INFO] [stdout]    --> /opt/rustwide/cargo-home/registry/src/github.com-1ecc6299db9ec823/shine-math-0.2.0/src/triangulation/types.rs:156:13
[INFO] [stdout]     |
[INFO] [stdout] 156 | /             fn add_one(&self) -> Self {
[INFO] [stdout] 157 | |                 $t(self.0 + 1)
[INFO] [stdout] 158 | |             }
[INFO] [stdout]     | |_____________^ not a member of trait `Step`
[INFO] [stdout] ...
[INFO] [stdout] 168 |   step_impl!(VertexIndex);
[INFO] [stdout]     |   ------------------------ in this macro invocation
[INFO] [stdout]     |
[INFO] [stdout]     = note: this error originates in a macro (in Nightly builds, run with -Z macro-backtrace for more info)
[INFO] [stdout] 
[INFO] [stdout] 
[INFO] [stdout] error[E0407]: method `sub_one` is not a member of trait `Step`
[INFO] [stdout]    --> /opt/rustwide/cargo-home/registry/src/github.com-1ecc6299db9ec823/shine-math-0.2.0/src/triangulation/types.rs:161:13
[INFO] [stdout]     |
[INFO] [stdout] 161 | /             fn sub_one(&self) -> Self {
[INFO] [stdout] 162 | |                 $t(self.0 - 1)
[INFO] [stdout] 163 | |             }
[INFO] [stdout]     | |_____________^ not a member of trait `Step`
[INFO] [stdout] ...
[INFO] [stdout] 168 |   step_impl!(VertexIndex);
[INFO] [stdout]     |   ------------------------ in this macro invocation
[INFO] [stdout]     |
[INFO] [stdout]     = note: this error originates in a macro (in Nightly builds, run with -Z macro-backtrace for more info)
[INFO] [stdout] 
[INFO] [stdout] 
[INFO] [stdout] error[E0407]: method `add_usize` is not a member of trait `Step`
[INFO] [stdout]    --> /opt/rustwide/cargo-home/registry/src/github.com-1ecc6299db9ec823/shine-math-0.2.0/src/triangulation/types.rs:141:13
[INFO] [stdout]     |
[INFO] [stdout] 141 | /             fn add_usize(&self, n: usize) -> Option<Self> {
[INFO] [stdout] 142 | |                 Some($t(self.0 + n))
[INFO] [stdout] 143 | |             }
[INFO] [stdout]     | |_____________^ not a member of trait `Step`
[INFO] [stdout] ...
[INFO] [stdout] 172 |   step_impl!(FaceIndex);
[INFO] [stdout]     |   ---------------------- in this macro invocation
[INFO] [stdout]     |
[INFO] [stdout]     = note: this error originates in a macro (in Nightly builds, run with -Z macro-backtrace for more info)
[INFO] [stdout] 
[INFO] [stdout] 
[INFO] [stdout] error[E0407]: method `replace_one` is not a member of trait `Step`
[INFO] [stdout]    --> /opt/rustwide/cargo-home/registry/src/github.com-1ecc6299db9ec823/shine-math-0.2.0/src/triangulation/types.rs:146:13
[INFO] [stdout]     |
[INFO] [stdout] 146 | /             fn replace_one(&mut self) -> Self {
[INFO] [stdout] 147 | |                 mem::replace(self, $t(1))
[INFO] [stdout] 148 | |             }
[INFO] [stdout]     | |_____________^ not a member of trait `Step`
[INFO] [stdout] ...
[INFO] [stdout] 172 |   step_impl!(FaceIndex);
[INFO] [stdout]     |   ---------------------- in this macro invocation
[INFO] [stdout]     |
[INFO] [stdout]     = note: this error originates in a macro (in Nightly builds, run with -Z macro-backtrace for more info)
[INFO] [stdout] 
[INFO] [stdout] 
[INFO] [stdout] error[E0407]: method `replace_zero` is not a member of trait `Step`
[INFO] [stdout]    --> /opt/rustwide/cargo-home/registry/src/github.com-1ecc6299db9ec823/shine-math-0.2.0/src/triangulation/types.rs:151:13
[INFO] [stdout]     |
[INFO] [stdout] 151 | /             fn replace_zero(&mut self) -> Self {
[INFO] [stdout] 152 | |                 mem::replace(self, $t(0))
[INFO] [stdout] 153 | |             }
[INFO] [stdout]     | |_____________^ not a member of trait `Step`
[INFO] [stdout] ...
[INFO] [stdout] 172 |   step_impl!(FaceIndex);
[INFO] [stdout]     |   ---------------------- in this macro invocation
[INFO] [stdout]     |
[INFO] [stdout]     = note: this error originates in a macro (in Nightly builds, run with -Z macro-backtrace for more info)
[INFO] [stdout] 
[INFO] [stdout] 
[INFO] [stdout] error[E0407]: method `add_one` is not a member of trait `Step`
[INFO] [stdout]    --> /opt/rustwide/cargo-home/registry/src/github.com-1ecc6299db9ec823/shine-math-0.2.0/src/triangulation/types.rs:156:13
[INFO] [stdout]     |
[INFO] [stdout] 156 | /             fn add_one(&self) -> Self {
[INFO] [stdout] 157 | |                 $t(self.0 + 1)
[INFO] [stdout] 158 | |             }
[INFO] [stdout]     | |_____________^ not a member of trait `Step`
[INFO] [stdout] ...
[INFO] [stdout] 172 |   step_impl!(FaceIndex);
[INFO] [stdout]     |   ---------------------- in this macro invocation
[INFO] [stdout]     |
[INFO] [stdout]     = note: this error originates in a macro (in Nightly builds, run with -Z macro-backtrace for more info)
[INFO] [stdout] 
[INFO] [stdout] 
[INFO] [stdout] error[E0407]: method `sub_one` is not a member of trait `Step`
[INFO] [stdout]    --> /opt/rustwide/cargo-home/registry/src/github.com-1ecc6299db9ec823/shine-math-0.2.0/src/triangulation/types.rs:161:13
[INFO] [stdout]     |
[INFO] [stdout] 161 | /             fn sub_one(&self) -> Self {
[INFO] [stdout] 162 | |                 $t(self.0 - 1)
[INFO] [stdout] 163 | |             }
[INFO] [stdout]     | |_____________^ not a member of trait `Step`
[INFO] [stdout] ...
[INFO] [stdout] 172 |   step_impl!(FaceIndex);
[INFO] [stdout]     |   ---------------------- in this macro invocation
[INFO] [stdout]     |
[INFO] [stdout]     = note: this error originates in a macro (in Nightly builds, run with -Z macro-backtrace for more info)
[INFO] [stdout] 
[INFO] [stdout] 
[INFO] [stderr]     Checking actix-http v0.2.11
[INFO] [stderr]     Checking tera v0.11.20
[INFO] [stderr]     Checking shine-gltf v0.2.0
[INFO] [stdout] error[E0200]: the trait `Step` requires an `unsafe impl` declaration
[INFO] [stdout]    --> /opt/rustwide/cargo-home/registry/src/github.com-1ecc6299db9ec823/shine-math-0.2.0/src/triangulation/types.rs:129:9
[INFO] [stdout]     |
[INFO] [stdout] 129 | /         impl Step for $t {
[INFO] [stdout] 130 | |             #[inline]
[INFO] [stdout] 131 | |             fn steps_between(start: &Self, end: &Self) -> Option<usize> {
[INFO] [stdout] 132 | |                 if start.0 < end.0 {
[INFO] [stdout] ...   |
[INFO] [stdout] 163 | |             }
[INFO] [stdout] 164 | |         }
[INFO] [stdout]     | |_________^
[INFO] [stdout] ...
[INFO] [stdout] 168 |   step_impl!(VertexIndex);
[INFO] [stdout]     |   ------------------------ in this macro invocation
[INFO] [stdout]     |
[INFO] [stdout]     = note: this error originates in a macro (in Nightly builds, run with -Z macro-backtrace for more info)
[INFO] [stdout] 
[INFO] [stdout] 
[INFO] [stdout] error[E0200]: the trait `Step` requires an `unsafe impl` declaration
[INFO] [stdout]    --> /opt/rustwide/cargo-home/registry/src/github.com-1ecc6299db9ec823/shine-math-0.2.0/src/triangulation/types.rs:129:9
[INFO] [stdout]     |
[INFO] [stdout] 129 | /         impl Step for $t {
[INFO] [stdout] 130 | |             #[inline]
[INFO] [stdout] 131 | |             fn steps_between(start: &Self, end: &Self) -> Option<usize> {
[INFO] [stdout] 132 | |                 if start.0 < end.0 {
[INFO] [stdout] ...   |
[INFO] [stdout] 163 | |             }
[INFO] [stdout] 164 | |         }
[INFO] [stdout]     | |_________^
[INFO] [stdout] ...
[INFO] [stdout] 172 |   step_impl!(FaceIndex);
[INFO] [stdout]     |   ---------------------- in this macro invocation
[INFO] [stdout]     |
[INFO] [stdout]     = note: this error originates in a macro (in Nightly builds, run with -Z macro-backtrace for more info)
[INFO] [stdout] 
[INFO] [stdout] 
[INFO] [stdout] error: aborting due to 13 previous errors
[INFO] [stdout] 
[INFO] [stdout] 
[INFO] [stdout] Some errors have detailed explanations: E0200, E0407, E0557.
[INFO] [stdout] 
[INFO] [stdout] For more information about an error, try `rustc --explain E0200`.
[INFO] [stdout] 
[INFO] [stderr] error: could not compile `shine-math`.
[INFO] [stderr] 
[INFO] [stderr] To learn more, run the command again with --verbose.
[INFO] [stderr] warning: build failed, waiting for other jobs to finish...
[INFO] [stderr] error: build failed
[INFO] running `Command { std: "docker" "inspect" "401ae8fd0abf97300862ef625d5df7f16fbcc3f0ae39a5aadb9b3b5bcc908e95", kill_on_drop: false }`
[INFO] running `Command { std: "docker" "rm" "-f" "401ae8fd0abf97300862ef625d5df7f16fbcc3f0ae39a5aadb9b3b5bcc908e95", kill_on_drop: false }`
[INFO] [stdout] 401ae8fd0abf97300862ef625d5df7f16fbcc3f0ae39a5aadb9b3b5bcc908e95
